{"id":37,"date":"2011-03-07T21:29:06","date_gmt":"2011-03-07T21:29:06","guid":{"rendered":"http:\/\/www.cmjuras.cz\/?page_id=37"},"modified":"2025-10-29T18:53:56","modified_gmt":"2025-10-29T18:53:56","slug":"clenove","status":"publish","type":"page","link":"https:\/\/cmjuras.cz\/?page_id=37","title":{"rendered":"\u010clenov\u00e9"},"content":{"rendered":"\n<h3 class=\"wp-block-heading\">Obsazen\u00ed muziky v roce 2024:<br><\/h3>\n\n\n\n<p class=\"has-montserrat-font-family\"><strong>Libor Ve\u010de\u0159a<\/strong><br><em>prim\u00e1\u0161<\/em><\/p>\n\n\n\n<p class=\"has-montserrat-font-family\"><strong>Renata Smetkov\u00e1 <\/strong><br><em>fl\u00e9tna<\/em><\/p>\n\n\n\n<p class=\"has-montserrat-font-family\"><strong>Stanislav Soused\u00edk<\/strong><br><em>cimb\u00e1l<\/em><\/p>\n\n\n\n<p class=\"has-montserrat-font-family\"><strong>Rostislav Bure\u0161<\/strong><br><em>viola<\/em><\/p>\n\n\n\n<p class=\"has-montserrat-font-family\"><strong>Ivo Mal\u00edk<\/strong><br><em>kontrabas<\/em><\/p>\n\n\n\n<p class=\"has-montserrat-font-family\"><\/p>\n\n\n\n<p><\/p>\n","protected":false},"excerpt":{"rendered":"<p>Obsazen\u00ed muziky v roce 2024: Libor Ve\u010de\u0159aprim\u00e1\u0161 Renata Smetkov\u00e1 fl\u00e9tna Stanislav Soused\u00edkcimb\u00e1l Rostislav Bure\u0161viola Ivo Mal\u00edkkontrabas<\/p>\n","protected":false},"author":3,"featured_media":0,"parent":0,"menu_order":2,"comment_status":"closed","ping_status":"open","template":"","meta":{"footnotes":""},"class_list":["post-37","page","type-page","status-publish","hentry"],"_links":{"self":[{"href":"https:\/\/cmjuras.cz\/index.php?rest_route=\/wp\/v2\/pages\/37","targetHints":{"allow":["GET"]}}],"collection":[{"href":"https:\/\/cmjuras.cz\/index.php?rest_route=\/wp\/v2\/pages"}],"about":[{"href":"https:\/\/cmjuras.cz\/index.php?rest_route=\/wp\/v2\/types\/page"}],"author":[{"embeddable":true,"href":"https:\/\/cmjuras.cz\/index.php?rest_route=\/wp\/v2\/users\/3"}],"replies":[{"embeddable":true,"href":"https:\/\/cmjuras.cz\/index.php?rest_route=%2Fwp%2Fv2%2Fcomments&post=37"}],"version-history":[{"count":26,"href":"https:\/\/cmjuras.cz\/index.php?rest_route=\/wp\/v2\/pages\/37\/revisions"}],"predecessor-version":[{"id":904,"href":"https:\/\/cmjuras.cz\/index.php?rest_route=\/wp\/v2\/pages\/37\/revisions\/904"}],"wp:attachment":[{"href":"https:\/\/cmjuras.cz\/index.php?rest_route=%2Fwp%2Fv2%2Fmedia&parent=37"}],"curies":[{"name":"wp","href":"https:\/\/api.w.org\/{rel}","templated":true}]}}